{"id":813,"date":"2010-01-13T11:22:36","date_gmt":"2010-01-13T10:22:36","guid":{"rendered":"http:\/\/www.pro-a-kids.org\/?page_id=813"},"modified":"2026-03-31T07:08:11","modified_gmt":"2026-03-31T06:08:11","slug":"medizinische-untersuchungen","status":"publish","type":"page","link":"http:\/\/www.pro-a-kids.org\/?page_id=813","title":{"rendered":"Medical Check"},"content":{"rendered":"<p>&nbsp;<\/p>\n<p>Die Ausgaben f\u00fcr die medizinischen Untersuchen umfassen f\u00fcr:<\/p>\n<ul>\n<li><strong>2025<\/strong> &#8211;&nbsp; &nbsp; insg.&nbsp; &nbsp;794,44 \u20ac<\/li>\n<li><strong>2024<\/strong> &#8211;&nbsp; &nbsp; insg.&nbsp; &nbsp;852,48 \u20ac<\/li>\n<li><strong>2023<\/strong> &#8211;&nbsp;&nbsp;&nbsp; insg. &nbsp;&nbsp; 761,64 \u20ac<\/li>\n<li><strong>2022<\/strong> &#8211;&nbsp;&nbsp;&nbsp; insg.&nbsp;&nbsp;&nbsp; 998,83 \u20ac<\/li>\n<li><strong>2021<\/strong> &#8211;&nbsp;&nbsp;&nbsp; insg.&nbsp;&nbsp;&nbsp; 944,95\u20ac<\/li>\n<li><strong>2020<\/strong> &#8211;&nbsp;&nbsp; insg. &nbsp;&nbsp; 884,88 \u20ac<\/li>\n<li><strong>2019<\/strong> &#8211;&nbsp;&nbsp;&nbsp; insg.&nbsp;&nbsp; 2.098,49 \u20ac<\/li>\n<li><strong>2018<\/strong> &#8211;&nbsp; &nbsp; insg.&nbsp; &nbsp;1.596,57 \u20ac<\/li>\n<li><strong>2017<\/strong> &#8211;&nbsp;&nbsp;&nbsp; insg.&nbsp;&nbsp; 1.178,01 \u20ac<\/li>\n<li><strong>2016&nbsp;<\/strong>&#8211; &nbsp; insg. &nbsp;1.251,86 \u20ac<\/li>\n<li><strong>2015<\/strong> &#8211; &nbsp; insg.&nbsp; 1.563046 \u20ac<\/li>\n<li><strong>2014<\/strong> &#8211; &nbsp; insg. &nbsp;1.368,37 \u20ac<\/li>\n<li><strong>2013<\/strong> &#8211; &nbsp; insg. &nbsp; &nbsp;717,49 \u20ac<\/li>\n<li><strong>2012<\/strong> &#8211; &nbsp; insg. &nbsp; &nbsp; 648,70 \u20ac<\/li>\n<li><strong>2011<\/strong> &#8211;&nbsp; &nbsp; insg. &nbsp;&nbsp;&nbsp; 588,86 \u20ac<\/li>\n<li><strong>2010 &#8211;<\/strong>&nbsp; &nbsp;insg. &nbsp; &nbsp;&nbsp; 662,26 \u20ac<\/li>\n<li><strong>2009 &#8211;<\/strong>&nbsp; insg. &nbsp; &nbsp; 665,79 \u20ac<\/li>\n<li><strong>2008 &#8211;<\/strong> &nbsp;insg. &nbsp; &nbsp; 855,39 &nbsp;\u20ac<\/li>\n<\/ul>\n<p>Die detailierten Untersuchungsberichte finden Sie als PDF-Dokumente hier<\/p>\n<p><a href=\"http:\/\/www.pro-a-kids.org\/wp-content\/uploads\/2018\/03\/Medical-Check-October-2017.pdf\" target=\"_blank\" rel=\"noopener\">Medical Check October 2017<\/a><\/p>\n<p><a href=\"http:\/\/www.pro-a-kids.org\/wp-content\/uploads\/2018\/03\/Medical-Check-May-2017.pdf\" target=\"_blank\" rel=\"noopener\">Medical Check May 2017<\/a><\/p>\n<p><a href=\"http:\/\/www.pro-a-kids.org\/wp-content\/uploads\/2018\/03\/Medical-Check-May-2016.pdf\" target=\"_blank\" rel=\"noopener\">Medical Check October 2016<\/a><\/p>\n<p><a title=\"Medical Check October 2015\" href=\"http:\/\/www.pro-a-kids.org\/wp-content\/uploads\/2010\/01\/Medical-Check-2015-October.pdf\" target=\"_blank\" rel=\"noopener\">Medical Check October 2015<\/a><\/p>\n<p><a title=\"Medical Check May 2015\" href=\"http:\/\/www.pro-a-kids.org\/wp-content\/uploads\/2010\/01\/Medical-Check-2015-May.pdf\" target=\"_blank\" rel=\"noopener\">Medical Check May 2015<\/a><\/p>\n<p>&nbsp;<\/p>\n<h3>Ablauf und Notwendigkeit medizinischer Untersuchungen<\/h3>\n<p><img loading=\"lazy\" decoding=\"async\" class=\"alignleft size-thumbnail wp-image-817\" style=\"margin-right: 8px;\" title=\"Doktor_Untersuchung_Ohren\" src=\"http:\/\/www.pro-a-kids.org\/wp-content\/uploads\/2010\/01\/Doktor_Untersuchung_Ohren-140x105.jpg\" alt=\"Doktor_Untersuchung_Ohren\" width=\"140\" height=\"105\" srcset=\"http:\/\/www.pro-a-kids.org\/wp-content\/uploads\/2010\/01\/Doktor_Untersuchung_Ohren-140x105.jpg 140w, http:\/\/www.pro-a-kids.org\/wp-content\/uploads\/2010\/01\/Doktor_Untersuchung_Ohren-300x225.jpg 300w, http:\/\/www.pro-a-kids.org\/wp-content\/uploads\/2010\/01\/Doktor_Untersuchung_Ohren.jpg 800w\" sizes=\"auto, (max-width: 140px) 100vw, 140px\" \/>Zur halbj\u00e4hrlichen medizinischen Untersuchung konnten wir&nbsp;Mr. Mochama und seine&nbsp;Kollegin Cathrin vom Distrikt&nbsp;Hospital in Nanyuki gewinnen.&nbsp;Dies ist besonders vorteilhaft, da eventuelle Weiterbehandlungen dadurch sehr erleichtert werden. Die medizinische Versorgung f\u00fcr Kinder bis zum 5. Lebensjahr ist in Kenia zwar grunds\u00e4tzlich kostenfrei, allerdings k\u00f6nnen sich viele Eltern die Fahrt in die Kreisstadt nicht leisten oder es fehlt ganz<img loading=\"lazy\" decoding=\"async\" class=\"alignright size-thumbnail wp-image-818\" title=\"Helferin_Gewicht\" src=\"http:\/\/www.pro-a-kids.org\/wp-content\/uploads\/2010\/01\/Helferin_Gewicht-104x140.jpg\" alt=\"Helferin_Gewicht\" width=\"104\" height=\"140\" srcset=\"http:\/\/www.pro-a-kids.org\/wp-content\/uploads\/2010\/01\/Helferin_Gewicht-104x140.jpg 104w, http:\/\/www.pro-a-kids.org\/wp-content\/uploads\/2010\/01\/Helferin_Gewicht-224x300.jpg 224w, http:\/\/www.pro-a-kids.org\/wp-content\/uploads\/2010\/01\/Helferin_Gewicht-767x1024.jpg 767w, http:\/\/www.pro-a-kids.org\/wp-content\/uploads\/2010\/01\/Helferin_Gewicht.jpg 800w\" sizes=\"auto, (max-width: 104px) 100vw, 104px\" \/> einfach an der n\u00f6tigen Aufmerksamkeit der Eltern im t\u00e4glichen \u00dcberlebenskampf.&nbsp; Besondere&nbsp;Beachtung bedarf dabei in der ethnisch recht gemischten Gemeinde Kongoni die Einbeziehung der Eltern, jeder Untersuchungsschritt wird den Erziehungsberechtigten eingehend erl\u00e4utert um Misstrauen vorzubeugen und Verst\u00e4ndnis und Unterst\u00fctzung bei den vorgeschlagenen Ma\u00dfnahmen zu erzielen. Besonders wichtig ist dies bei leichten Behinderungen, die h\u00e4ufig noch als Familienschande angesehen und folglich kaum behandelt werden. Ein Viertel der Kinder wurde als untergewichtig eingestuft, h\u00e4ufigste Krankheitsdiagnosen waren Bronchialerkrankungen (k\u00fchles Klima in Verbindung mit schlechten Wohnverh\u00e4ltnissen) <img loading=\"lazy\" decoding=\"async\" class=\"alignleft size-thumbnail wp-image-816\" style=\"margin-right: 8px;\" title=\"Doktor_Medikamente\" src=\"http:\/\/www.pro-a-kids.org\/wp-content\/uploads\/2010\/01\/Doktor_Medikamente-140x105.jpg\" alt=\"Doktor_Medikamente\" width=\"140\" height=\"105\" srcset=\"http:\/\/www.pro-a-kids.org\/wp-content\/uploads\/2010\/01\/Doktor_Medikamente-140x105.jpg 140w, http:\/\/www.pro-a-kids.org\/wp-content\/uploads\/2010\/01\/Doktor_Medikamente-300x225.jpg 300w, http:\/\/www.pro-a-kids.org\/wp-content\/uploads\/2010\/01\/Doktor_Medikamente.jpg 800w\" sizes=\"auto, (max-width: 140px) 100vw, 140px\" \/>und Hautekzeme, alle Kinder werden regelm\u00e4\u00dfig entwurmt und der Impfstatus \u00fcberpr\u00fcft, die Medikamente daf\u00fcr sind in den Untersuchungskosten eingeschlossen. Seit Beginn dieser Ma\u00dfnahme verbesserte sich der Ern\u00e4hrungs- und Gesundheitsstatus derjenigen Kinder, die den Kindergarten mit Mittagsverpflegungsprogramm schon seit mehr als einem halben Jahr besuchen, ganz entscheidend.<\/p>\n<p>Wesentlich ist es dabei, die Eltern umfassend mit einzubeziehen, um auf diesem Wege eine langfristige Gesundheitsvorsorge aufbauen zu helfen. Auch die hygienischen Voraussetzungen im E.C.D.C. werden kritisch unter die Lupe genommen und Vorschl\u00e4ge zur Verbesserung gemacht, die wir Schritt f\u00fcr Schritt umsetzen helfen wollen.<\/p>\n<p>\/h3<\/p>\n","protected":false},"excerpt":{"rendered":"<p>&nbsp; Die Ausgaben f\u00fcr die medizinischen Untersuchen umfassen f\u00fcr: 2025 &#8211;&nbsp; &nbsp; insg.&nbsp; &nbsp;794,44 \u20ac 2024 &#8211;&nbsp; &nbsp; insg.&nbsp; &nbsp;852,48 \u20ac 2023 &#8211;&nbsp;&nbsp;&nbsp; insg. &nbsp;&nbsp; 761,64 \u20ac 2022 &#8211;&nbsp;&nbsp;&nbsp; insg.&nbsp;&nbsp;&nbsp; 998,83 \u20ac 2021 &#8211;&nbsp;&nbsp;&nbsp; insg.&nbsp;&nbsp;&nbsp; 944,95\u20ac 2020 &#8211;&nbsp;&nbsp; insg. &nbsp;&nbsp; 884,88 \u20ac 2019 &#8211;&nbsp;&nbsp;&nbsp; insg.&nbsp;&nbsp; 2.098,49 \u20ac 2018 &#8211;&nbsp; &nbsp; insg.&nbsp; &nbsp;1.596,57 \u20ac 2017 &#8211;&nbsp;&nbsp;&nbsp; [&hellip;]<\/p>\n","protected":false},"author":2,"featured_media":0,"parent":134,"menu_order":20,"comment_status":"open","ping_status":"open","template":"","meta":{"ngg_post_thumbnail":0,"footnotes":""},"class_list":["post-813","page","type-page","status-publish","hentry"],"_links":{"self":[{"href":"http:\/\/www.pro-a-kids.org\/index.php?rest_route=\/wp\/v2\/pages\/813","targetHints":{"allow":["GET"]}}],"collection":[{"href":"http:\/\/www.pro-a-kids.org\/index.php?rest_route=\/wp\/v2\/pages"}],"about":[{"href":"http:\/\/www.pro-a-kids.org\/index.php?rest_route=\/wp\/v2\/types\/page"}],"author":[{"embeddable":true,"href":"http:\/\/www.pro-a-kids.org\/index.php?rest_route=\/wp\/v2\/users\/2"}],"replies":[{"embeddable":true,"href":"http:\/\/www.pro-a-kids.org\/index.php?rest_route=%2Fwp%2Fv2%2Fcomments&post=813"}],"version-history":[{"count":43,"href":"http:\/\/www.pro-a-kids.org\/index.php?rest_route=\/wp\/v2\/pages\/813\/revisions"}],"predecessor-version":[{"id":2396,"href":"http:\/\/www.pro-a-kids.org\/index.php?rest_route=\/wp\/v2\/pages\/813\/revisions\/2396"}],"up":[{"embeddable":true,"href":"http:\/\/www.pro-a-kids.org\/index.php?rest_route=\/wp\/v2\/pages\/134"}],"wp:attachment":[{"href":"http:\/\/www.pro-a-kids.org\/index.php?rest_route=%2Fwp%2Fv2%2Fmedia&parent=813"}],"curies":[{"name":"wp","href":"https:\/\/api.w.org\/{rel}","templated":true}]}}